s. Let a = s + 165. Let n = a - 39. What is the greatest common divisor of n and 8?
8
Let h = 65 - 69. Let o be (-1)/3*249*(-5 - h). Let z = -66 + o. Calculate the greatest common factor of 1 and z.
1
Suppose 5*h + c - 230 = 0, 4*h + 17*c = 21*c + 184. What is the greatest common divisor of h and 1058?
46
Let b = 59 - 51. Let p = -18 + b. Let i be p/2*66/(-15). Calculate the greatest common divisor of 55 and i.
11
Let z(q) = -q**2 - 10*q - 15. Let c be z(-5). Let g be (-28)/70 + 184/c. What is the greatest common divisor of g and 54?
18
Let i = 548 + -276. Let a(z) = 12*z - 38. Let t be a(6). What is the highest common factor of i and t?
34
Suppose 5*l = 5*a - 5100, -5*a - 3*l - 2088 = -7148. What is the highest common divisor of 245 and a?
35
Suppose 3*c - 8730 = c - 8660. Let q be 2/7 - (-486)/14. Calculate the greatest common factor of q and c.
35
Let t be ((-8)/(-2) - 4)/(1 - 2). Suppose t = 15*i - 11*i - 8. Suppose f - 75 = -5*v, -53 = -3*v - i*f + 3*f. What is the highest common factor of 64 and v?
16
Suppose -3*s - 1 = -10. Suppose -243 = -2*y - 239, 1219 = 5*d + 2*y. What is the highest common divisor of d and s?
3
Let o = 307 + -204. Let h be -5*(4 + 0 - o). Calculate the highest common factor of h and 45.
45
Let o be -4 + -5 - ((-38610)/(-15))/(-6). What is the greatest common divisor of 4 and o?
4
Let z(s) = 13*s**2 - 5*s + 705. Let r be z(20). Calculate the highest common factor of r and 297.
27
Let y(j) = 7*j**2 + 5*j - 1. Let p be y(2). Let q = p + -69. Let h = 20 - q. What is the highest common factor of h and 4?
4
Let y(q) = 2*q**3 + 178*q**2 - 204*q - 400. Let f be y(-90). Calculate the highest common factor of 165 and f.
55
Suppose 2*i + 79968 = 25*i - 147203. What is the greatest common factor of i and 119?
119
Let x = 4240 - 4192. What is the greatest common divisor of x and 52?
4
Suppose 4*s - 365 - 67 = 0. Let x(l) = l**3 + 9*l**2 + 17*l + 12. Let i be x(-5). Calculate the highest common divisor of i and s.
27
Let t(a) be the first derivative of -a**3/3 + 67*a**2/2 + 92*a + 225. Let j be t(35). Calculate the greatest common divisor of j and 12.
12
Let g(n) = -3*n**3 + 9*n**2 - 113*n - 1496. Let r be g(-13). What is the highest common factor of 308 and r?
77
Let s(v) = -3*v + 108. Let n = -142 - -164. Let b be s(n). What is the highest common divisor of 462 and b?
42
Let x = -198 + 228. Suppose 2*i + 12 = -2*i. Let s(g) = -7*g - 6. Let o be s(i). Calculate the greatest common divisor of x and o.
15
Let v(m) = m**3 + 13*m**2 - 356*m - 4770. Let f be v(-14). Calculate the greatest common divisor of f and 450.
18
Let d(t) = t**2 + 20*t - 48. Let i be d(-22). Let w be 240/(-28)*(i - 3). What is the greatest common divisor of 12 and w?
12
Let f be (-3)/(0 + (-6)/4). Let d(q) = 0*q - 8*q - 21 - f*q + 17*q. Let a be d(7). What is the highest common factor of 7 and a?
7
Suppose m = -m - 3*x + 171, -m + 5*x + 53 = 0. Let k be m/(18/(-4) - -6). What is the greatest common factor of 52 and k?
52
Suppose -p = 3*r - 5240 - 9601, -r = p - 14843. Calculate the greatest common factor of 36 and p.
12
Suppose -k + 5*k = 748. Suppose p = -p + 58. Let s be (-5 - p)*(-2)/4. What is the highest common divisor of k and s?
17
Suppose -i + z + 1 = 0, i - 2*z + 2 = 3*i. Suppose 29 = -b + 4*b - 5*c, 6*b - 98 = 2*c. Calculate the greatest common divisor of b and i.
1
Let q(z) = -13*z - 276. Let i be q(-22). Let b be (-51)/(-3 - (-29)/i). Calculate the greatest common factor of b and 34.
34
Let n(s) = s**3 + 54*s**2 - 194*s + 97. Let u be n(-57). Calculate the highest common divisor of 66 and u.
22
Let c(d) = -d**3 - d**2 - 8*d - 5. Let j be c(-3). Let z be j/(3 + 30/(-12)). Calculate the highest common divisor of 111 and z.
37
Suppose b - 33 = 3*s, 132 = 3*b - s + 89. What is the greatest common factor of 2778 and b?
6
Suppose -m = 43 - 52. Let x be (1 - 1) + (13 - m). Suppose -j + x*r = 5*r, -5*j + 24 = -3*r. What is the highest common factor of j and 9?
3
Suppose -12*a + 74 = -a - 1202. What is the greatest common factor of 899 and a?
29
Let c(m) = 33*m**2 - 137*m - 56. Let v be c(11). Calculate the greatest common divisor of v and 90.
90
Let g be (-6)/(-9) - (-352)/3. Suppose 91 = -5*l + 5*t - 89, -106 = 3*l - 4*t. Let o = l + g. What is the highest common divisor of o and 10?
10
Let j(n) = -12 + 2*n + 10 + 2. Let l be j(-10). Let g = l + 49. Calculate the greatest common factor of g and 319.
29
Suppose -175*w = 110 - 9210. What is the greatest common factor of w and 3796?
52
Suppose 20 = 5*r, -2*g + 3*r - 1 = 17. Let i be (-132)/(-18) - 3 - 2/g. What is the highest common divisor of i and 35?
5
Let h(t) = t**2 + 18*t + 39. Let s be h(0). Suppose 4*k + 11*d - 52 = 8*d, -3*k + s = -4*d. Calculate the greatest common factor of 871 and k.
13
Suppose 2*n = -4*r + 1338, 0 = -3*n + 3*r - 5*r + 2011. Suppose -169 - n = -10*d. What is the highest common factor of d and 147?
21
Let l = 959 - 663. Suppose 7*m - 62 + 139 - 133 = 0. Calculate the highest common divisor of m and l.
8
Let d be (-24)/(-40) + (-282)/(-15)*-7. Let l = -122 - d. Calculate the highest common factor of 21 and l.
3
Suppose 17032 - 3064 + 7746 = 47*m. What is the greatest common factor of 42 and m?
42
Suppose -89*m + 253293 = -7*m - 57979. What is the greatest common factor of 52 and m?
52
Let o = 49 + -4. Let a = 288 + -283. Let b be (-91)/(-5) - (a - (-24)/(-5)). Calculate the greatest common factor of b and o.
9
Suppose 4*x - 4*b = 1756, b + 114 = 2*x - 766. Let g be 48 - (12/4 - 4). What is the greatest common divisor of g and x?
49
Let b(w) = -w**3 + 13*w**2 + 3*w - 23. Let o be b(13). Suppose -c + 129 = 4*c + 3*j, 3*c + 4*j - 84 = 0. What is the highest common divisor of c and o?
8
Let o = -5175 + 5184. Calculate the highest common divisor of 972 and o.
9
Suppose -18*t - 862 = -20*t. Suppose 4*h - t = 89. What is the greatest common divisor of h and 52?
26
Let o = -16176 - -16368. Let j = 49 - -35. What is the greatest common factor of o and j?
12
Suppose 183 = 2*b + l - 24, -4*l - 524 = -5*b. What is the greatest common divisor of b and 7384?
104
Suppose 0*u - 3*u - 18 = 0. Let n be (-2)/4*(u + 6). Suppose 4*c - 4*h - 120 = -6*h, n = -c + h + 24. Calculate the highest common factor of 252 and c.
28
Suppose 8*n - 12*n + 156 = 0. Suppose 0 = 12*i - n - 177. What is the greatest common divisor of 18 and i?
18
Let g be 14/(-35) + 5331/15. Suppose 4*i + 221 = -g. Let x be (117/12 + -3)/((-3)/i). Calculate the highest common divisor of x and 36.
36
Let c be -16 + 21040/48 - (-4)/6. What is the greatest common factor of c and 162?
9
Let n be ((-33)/(-66))/(5/100). What is the highest common divisor of n and 64?
2
Let l = -3071 + 3092. What is the highest common factor of l and 66?
3
Suppose -4*c = c - 80. Suppose -c*k + 340 = -11*k. Let n be 10*((3 - -19) + -5). What is the highest common factor of n and k?
34
Let d(s) = -4*s**2 - s - 13. Let t(w) = 5*w**2 - w + 13. Let f(h) = -4*d(h) - 3*t(h). Let b be f(-6). What is the greatest common factor of 1 and b?
1
Let l(r) = 170*r + 724. Let s be l(-4). Calculate the greatest common factor of s and 275.
11
Let c(a) be the second derivative of a**5/10 - 9*a**4/4 + 11*a**3/3 - 25*a**2/2 - 118*a. Let f be c(13). What is the greatest common divisor of 161 and f?
23
Let w(s) = 2200*s**3 + 20*s - 36. Let b be w(2). Calculate the highest common factor of b and 108.
108
Let n = 16687 - 7238. What is the highest common factor of n and 11?
11
Let o = -4146 + 4378. Calculate the highest common factor of o and 72.
8
Suppose 3*m - 1285 = -3*r - 373, 0 = m + 4. What is the highest common factor of 28 and r?
28
Let m be (-6)/7*35/(-5). Let q be (m/4)/((16/(-4))/(-24)). Let v be (-12)/(-9) + 222/q. What is the highest common factor of v and 26?
26
Let z = 143 - -58. Let o be ((-33)/(-2))/(z/536). What is the highest common divisor of o and 33?
11
Let y = 1001 - -9682. Suppose -21*f = -y - 12837. What is the greatest common divisor of f and 28?
28
Suppose -53*b + 640224 = 103*b. What is the highest common divisor of 12 and b?
12
Suppose 4*r - 23 = 3*j + 25, 4*r + 5*j = 80. Let u = -2 + 77. What is the highest common divisor of r and u?
15
Let y be (0 - (-1)/4) + 30/8. Suppose 5*o - 77 = 3*j, -2*j - 23 = -y*o + 39. Let f be (o/(-10))/((-3)/180). What is 